f.
2
Let m = 31 - 8. What are the prime factors of m?
23
Let j = 3 + -5. Let s be 3/1 - (j - -2). Suppose 2*w + 3*d = 29, 2*w + 2*w - 55 = -s*d. List the prime factors of w.
13
Suppose 7*x - 4*x = 1038. List the prime factors of x.
2, 173
Suppose 4*t = -0*t. Let o = 1 + t. List the prime factors of (2/(-3))/(o/(-9)).
2, 3
Let x = 9 - 5. Let w be 189/x + (-1)/4. Suppose 0 = -m - u + 7, -4*m + 2*u - 13 + w = 0. List the prime factors of m.
2
Let w(h) = -8*h - 1. Let o be w(-4). Let d(b) = -3*b - 3. Let n be d(-2). Suppose -n*t - 4 = -o. What are the prime factors of t?
3
Suppose -3*p + 25 = 5*b, 3*b - 12 - 3 = -p. Suppose p*t + t = 9. Let w = t - 6. What are the prime factors of w?
3
List the prime factors of ((-87)/(-6) + 0)*2.
29
Suppose 0 = 2*h + 3*h - 115. What are the prime factors of h?
23
What are the prime factors of ((-4)/(-6))/((-8)/(-516))?
43
Suppose -4*g - 9 = j, -1 = -3*j + 2*g - 0. List the prime factors of 1 - j - (4 + -4).
2
Let h(r) = -r**2 - 9*r - 7. Let n(x) = -x**3 + 8*x**2 + x - 7. Let s be n(8). Suppose s = -4*f - 23. What are the prime factors of h(f)?
11
Let f(y) = y**3 - 4*y**2 - y - 7. Suppose 3*t = 6*t - 15. What are the prime factors of f(t)?
13
Suppose s + 6 = -s. Let r(h) = -h**3 - 2*h**2 + h - 4. What are the prime factors of r(s)?
2
Suppose o - 62 - 27 = 0. List the prime factors of o.
89
Let j(k) = k - 3. Let i be j(-3). What are the prime factors of 3/((-2)/52*i)?
13
Let z = -27 - -75. What are the prime factors of z?
2, 3
Suppose 4*z + 0*z - 1370 = 2*u, 4*u = -20. List the prime factors of z.
2, 5, 17
Suppose 105 = 4*a + 9. Suppose -4*x + 18 = -2*i - a, -8 = -x + 3*i. What are the prime factors of x?
11
Let h = 30 + 78. Suppose 3*f = -0*f + h. List the prime factors of f.
2, 3
Let p = 13 - 20. Let l(g) = g**2 + 2*g - 7. What are the prime factors of l(p)?
2, 7
Let z(i) = i**2 + 2*i - 2. Suppose 8 = -2*w - f - f, -w - 4 = 4*f. List the prime factors of z(w).
2, 3
Suppose 0 + 2 = v + 2*a, 2*a - 20 = -4*v. List the prime factors of v.
2, 3
Let z(p) = 2*p - 11. Suppose 2*u - 27 = -u. Let j be z(u). Suppose -20 = -3*d + j. List the prime factors of d.
3
List the prime factors of 1 + 2*2/4*4.
5
Let i(r) be the second derivative of -r**3/3 - 6*r**2 + r. Let q be i(-9). Suppose 2*j + q = 3*j. List the prime factors of j.
2, 3
Suppose 0 = -5*w + 9 - 24, -3*m + 3*w = -72. What are the prime factors of m?
3, 7
List the prime factors of (-4)/(-24) - 11/(-6).
2
Let a(g) = g**2 + g - 2. Suppose -o + 2*y = -2, y - 2 - 2 = -2*o. Let w be a(o). Suppose -w*c = -0*c - 8. List the prime factors of c.
2
Suppose 0 = 2*x - 3*r + 11, -5 + 2 = -r. Let b = x + 3. Suppose 5*j = b*a + 85, 0 = 3*j - 5*j - 3*a + 15. List the prime factors of j.
3, 5
List the prime factors of 610/20 - (-1)/(-2).
2, 3, 5
Suppose -2*c = 3*h - 4, 6*h - 3*c = 4*h + 7. Suppose -y + 2 + 8 = 3*s, h*s - 10 = y. Let n = 0 + s. List the prime factors of n.
2
Suppose 2*k + 3*k + 25 = 0. Let r be (-4 + 7)/((-3)/k). Suppose -r*o - 2*v = -49, -o = 2*v - 3 - 2. What are the prime factors of o?
11
Let d = -8 - -7. Let v(f) = -4*f. List the prime factors of v(d).
2
Let p(h) = h**3 - 4*h**2 - 4*h - 1. Let s be p(5). Suppose -s*j = -j - 48. What are the prime factors of j?
2
Let l(j) = j**3 + 11*j**2 - 13*j - 18. Let k be l(-12). Let s(q) = -q**2 - 11*q - 6. List the prime factors of s(k).
2, 3
Let f be (7 + -1)/((-3)/(-2)). Suppose 5*w = -a + 10, 2*w + 7*a - 4*a - f = 0. List the prime factors of w.
2
Let x(u) = -u**2 - 6*u + 4. Let r be x(-6). Suppose 5*f - 3*f + 5*q = 44, 5*f + r*q - 110 = 0. What are the prime factors of f?
2, 11
List the prime factors of (17/1)/((-1)/(-2)).
2, 17
Suppose 2*z - 4*z = -8. Suppose 0 = 5*s - z*s. Let r(u) = u**3 - u**2 + 2. List the prime factors of r(s).
2
Suppose -2*o = 3*o - 30. List the prime factors of o.
2, 3
Suppose 88 + 136 = c. List the prime factors of c.
2, 7
Let j(a) = a**3 - 6*a**2 - a - 5. List the prime factors of j(8).
5, 23
Let n(m) = -m - 2. Let c be n(-4). What are the prime factors of 14/c - 0/1?
7
Suppose -l + 8 = 3*l. Suppose u + 269 - 105 = 5*v, 5*v - l*u - 168 = 0. List the prime factors of v.
2
Let u(g) = -g**3 - 7*g**2 - g - 14. List the prime factors of u(-8).
2, 29
Let m = 3 + -4. Let t = -9 - -5. Let k = m - t. What are the prime factors of k?
3
Suppose -2*h + 960 = 4*j, 0*j + j - 3*h - 247 = 0. List the prime factors of j.
241
Let b be (-4)/(-10) + 64/(-10). Let p(r) = -4*r - 11. List the prime factors of p(b).
13
Let x(q) = -21*q + 13. Let k(l) = 7*l - 4. Let z(f) = -11*k(f) - 4*x(f). What are the prime factors of z(4)?
2, 5
Suppose -11 + 27 = 8*d. What are the prime factors of d?
2
Let t be 4 - ((-4)/2 + 1). Let m = 8 - t. Let g = m - -1. List the prime factors of g.
2
Suppose -5*q + 2*q + 189 = 0. List the prime factors of q.
3, 7
Let p be 4*2*(-1)/(-4). What are the prime factors of -2 + 4 - p*-3?
2
Let r = -44 + 83. List the prime factors of r.
3, 13
Let h = 10 - 1. Suppose 3*m + 13 = 250. Suppose h = -5*w + m. List the prime factors of w.
2, 7
Let f be -1 + 21 + 2 + -1. Suppose 0 = -9*t - 147 + 30. Let u = t + f. What are the prime factors of u?
2
Let k(b) = -b**2 - b. Let v(l) = 3*l**2 + 17*l - 17. Let m(n) = -4*k(n) - v(n). What are the prime factors of m(12)?
5
Suppose -k + 3*i = 2*i, 4*i = 16. List the prime factors of -2*1/(k/(-6)).
3
Let j be 0 - (3 - 3) - 0. Suppose t + 0*t + p - 24 = j, -5*p + 25 = 0. What are the prime factors of t?
19
Suppose -2*h = 3*o - 5*h - 156, 4*o + h - 188 = 0. What are the prime factors of o?
2, 3
Let r = -3 + 3. Let z = -2 + r. What are the prime factors of (3/z)/((-12)/80)?
2, 5
Suppose -i = -6*i - 345. Let y = -33 - i. List the prime factors of y.
2, 3
Let z = 11 + -8. Suppose 0*w + z*w = 3. List the prime factors of ((-9)/(-6)*6)/w.
3
Let y(v) = v**3 + 12*v**2 + 6*v - 6. What are the prime factors of y(-11)?
7
Let q = -60 - -226. What are the prime factors of q?
2, 83
Let q = 364 - 189. List the prime factors of q.
5, 7
Let s = 51 - 27. Suppose s = -r + 4*r. What are the prime factors of r?
2
Suppose -c - 69 = c + 5*d, 2*c + 2*d + 78 = 0. Let q = 66 + c. List the prime factors of ((-1)/(-2))/(1/q).
2, 3
Suppose 151 = 4*w + 3. List the prime factors of w.
37
Suppose -4*s + s + 9 = 0. List the prime factors of s.
3
Let q(o) = -o + 3. Let u(s) = 1. Let f(t) = q(t) + u(t). What are the prime factors of f(-6)?
2, 5
Suppose 3*f = -6*f + 1161. What are the prime factors of f?
3, 43
Let a(m) = m**3 + 5*m**2 + 4*m. Let s be a(-4). Suppose 3*c - y - 32 = 0, s*c + 3*y - 14 = -c. List the prime factors of c.
11
Let d be (-4)/14 + 51/7. Suppose -5*g + 3*z = d*z - 258, 0 = -4*g - 4*z + 204. What are the prime factors of (-1)/2 - g/(-4)?
13
Suppose 2*q - 4 = 4. Suppose -5*d = -2*y + 29, -q*d + 12 = 2*y - 8. List the prime factors of y.
2, 3
Suppose -3*t - 9 = 2*c, 5*t - 36 = 3*c + 6. Let a = c - -13. Suppose -2*q = -a*m - 24, -q - 5*m + 17 = 5. What are the prime factors of q?
2, 3
Let p be -1 + (39 + -1 - -3). Suppose 6*u - p = u. What are the prime factors of u?
2
Let c(b) = 55*b + 2. List the prime factors of c(2).
2, 7
Suppose -64 = 3*g + 8. Let z = -10 - g. List the prime factors of z.
2, 7
Let b = 16 - 10. What are the prime factors of b?
2, 3
Suppose 2*l - 113 - 339 = -4*k, -4*l = -2*k + 246. Let t = -60 + k. List the prime factors of t.
5, 11
Suppose -13 = -5*a + 7. Let d = 10 + 5. Suppose d + 37 = a*l. List the prime factors of l.
13
Suppose 14*t = 27*t - 1417. What are the prime factors of t?
109
List the prime factors of (-83)/(-5) - 9/((-45)/2).
17
List the prime factors of 2*2 + (-488)/(-8).
5, 13
Let b = 12 - 10. List the prime factors of b.
2
Let d(v) = v**3 - v**2 + 4*v. What are the prime factors of d(5)?
2, 3, 5
Suppose -u + 4*y + 34 = -49, 3*y = u - 78. What are the prime factors of u?
3, 7
Let p(j) = 3*j**2 - 9*j + 18. What are the prime factors of p(-9)?
2, 3, 19
Let w = 29 + 155. List the prime factors of w.
2, 23
Let b(p) = p**2 + p + 1. Let t = 6 + -10. List the prime factors of b(t).
13
Let k(n) = -n**3 + 5*n**2 - 4*n + 2. Let w be k(4). Suppose w = 2*b - 0*b. Let y = 3 - b. List the prime factors of y.
2
Suppose -a - 1 + 5 = 0. Let z(x) = -x**3 + 4*x**2 - 2*x + 1. Let v be z(3). Suppose -v = a*h, 4*h + 24 = -0*q + 2*q. List the prime factors of q.
2, 5